{"id":2800,"date":"2025-08-18T09:13:15","date_gmt":"2025-08-18T09:13:15","guid":{"rendered":"https:\/\/vietsmartart.vn\/?product=song-nui-uon-luon-45-x-60cm-acrylic"},"modified":"2025-08-18T11:42:32","modified_gmt":"2025-08-18T11:42:32","slug":"song-nui-uon-luon-45-x-60cm-acrylic","status":"publish","type":"product","link":"https:\/\/vietsmartart.vn\/?product=song-nui-uon-luon-45-x-60cm-acrylic","title":{"rendered":"&#8220;S\u00f4ng N\u00fai U\u1ed1n L\u01b0\u1ee3n&#8221; | 45 x 60cm | Acrylic"},"content":{"rendered":"<p>Mang trong m\u00ecnh h\u01a1i th\u1edf c\u1ee7a thi\u00ean nhi\u00ean h\u00f9ng v\u0129 v\u00e0 s\u1ef1 \u00eam \u0111\u1ec1m c\u1ee7a l\u00e0ng qu\u00ea B\u1eafc B\u1ed9, t\u00e1c ph\u1ea9m s\u01a1n d\u1ea7u n\u00e0y t\u00e1i hi\u1ec7n m\u1ed9t d\u00f2ng s\u00f4ng u\u1ed1n l\u01b0\u1ee3n quanh l\u00e0ng m\u1ea1c gi\u1eefa nh\u1eefng d\u00e3y n\u00fai \u0111\u00e1 v\u00f4i tr\u1eadp tr\u00f9ng. V\u1edbi s\u1eafc xanh d\u1ecbu m\u00e1t v\u00e0 \u0111\u01b0\u1eddng n\u00e9t m\u1ec1m m\u1ea1i, tranh \u0111em \u0111\u1ebfn c\u1ea3m gi\u00e1c th\u01b0 th\u00e1i, thanh b\u00ecnh, r\u1ea5t th\u00edch h\u1ee3p \u0111\u1ec3 treo trong ph\u00f2ng kh\u00e1ch, ph\u00f2ng l\u00e0m vi\u1ec7c hay kh\u00f4ng gian thi\u1ec1n t\u1ecbnh. \u0110\u00e2y kh\u00f4ng ch\u1ec9 l\u00e0 m\u1ed9t b\u1ee9c tranh \u2013 m\u00e0 l\u00e0 c\u1ea3 m\u1ed9t mi\u1ec1n k\u00fd \u1ee9c v\u00e0 t\u00e2m h\u1ed3n Vi\u1ec7t.<\/p>\n<p>\u2728 \u0110\u1eb6C \u0110I\u1ec2M N\u1ed4I B\u1eacT:<br \/>\n\u2705 **T\u00e1c ph\u1ea9m \u0111\u1ed9c b\u1ea3n duy nh\u1ea5t**: VietSmart cam k\u1ebft ch\u1ec9 v\u1ebd m\u1ed9t s\u1ea3n ph\u1ea9m DUY NH\u1ea4T \u0111\u1ea3m b\u1ea3o quy\u1ec1n s\u1edf h\u1eefu t\u00e1c ph\u1ea9m ngh\u1ec7 thu\u1eadt c\u1ee7a kh\u00e1ch h\u00e0ng.<br \/>\n\u2705 **K\u1ebft h\u1ee3p AI &#038; ngh\u1ec7 thu\u1eadt th\u1ee7 c\u00f4ng**: S\u1ea3n ph\u1ea9m ho\u00e0n thi\u1ec7n theo \u0111\u01a1n \u0111\u1eb7t h\u00e0ng. T\u00e1c ph\u1ea9m \u0111\u01b0\u1ee3c s\u00e1ng t\u00e1c v\u00e0 c\u00e1 nh\u00e2n h\u00f3a b\u1eb1ng ph\u1ea7n m\u1ec1m Tr\u00ed tu\u1ec7 nh\u00e2n t\u1ea1o (AI) ti\u00ean ti\u1ebfn v\u00e0 \u0111\u01b0\u1ee3c v\u1ebd tay, ho\u00e0n thi\u1ec7n b\u1edfi h\u1ecda s\u0129.<br \/>\n\u2705 **Ch\u1ea5t l\u01b0\u1ee3ng ngh\u1ec7 thu\u1eadt cao**: T\u00e1c ph\u1ea9m \u0111\u01b0\u1ee3c v\u1ebd tay t\u1ef7 m\u1ef7 b\u1eb1ng ch\u1ea5t li\u1ec7u cao c\u1ea5p, c\u00f3 th\u1ec3 l\u01b0u gi\u1eef l\u00e2u d\u00e0i, gi\u00e1 tr\u1ecb gia t\u0103ng theo th\u1eddi gian.<br \/>\n\u2705 **Ph\u00f9 h\u1ee3p tr\u01b0ng b\u00e0y, l\u00e0m qu\u00e0 t\u1eb7ng, ho\u1eb7c s\u01b0u t\u1ea7m ngh\u1ec7 thu\u1eadt.**<br \/>\n\u2705 ** Ch\u1ee9ng nh\u1eadn b\u1ea3n quy\u1ec1n**: VietSmart cung c\u1ea5p gi\u1ea5y ch\u1ee9ng nh\u1eadn b\u1ea3n quy\u1ec1n cho t\u1eebng t\u00e1c ph\u1ea9m.<br \/>\n\u2705 ** B\u1ea3o h\u00e0nh 12 th\u00e1ng.**<\/p>\n<p>*** L\u01afU \u00dd: H\u00ecnh \u1ea3nh s\u1ea3n ph\u1ea9m ch\u1ec9 mang t\u00ednh minh h\u1ecda. VietSmart cam k\u1ebft s\u1ea3n ph\u1ea9m ho\u00e0n thi\u1ec7n gi\u1ed1ng v\u1edbi h\u00ecnh \u1ea3nh minh h\u1ecda t\u1eeb 90 &#8211; 100%. S\u1ea3n ph\u1ea9m cu\u1ed1i c\u00f9ng KH\u00d4NG bao g\u1ed3m khung tranh. C\u00f3 k\u00e8m theo ph\u1ee5 ki\u1ec7n \u0111\u1ec3 treo tranh tr\u1ef1c ti\u1ebfp l\u00ean t\u01b0\u1eddng. <\/p>\n","protected":false},"excerpt":{"rendered":"<p>Mang trong m\u00ecnh h\u01a1i th\u1edf c\u1ee7a thi\u00ean nhi\u00ean h\u00f9ng v\u0129 v\u00e0 s\u1ef1 \u00eam \u0111\u1ec1m c\u1ee7a l\u00e0ng qu\u00ea B\u1eafc B\u1ed9, t\u00e1c ph\u1ea9m s\u01a1n d\u1ea7u n\u00e0y t\u00e1i hi\u1ec7n m\u1ed9t d\u00f2ng s\u00f4ng u\u1ed1n l\u01b0\u1ee3n quanh l\u00e0ng m\u1ea1c gi\u1eefa nh\u1eefng d\u00e3y n\u00fai \u0111\u00e1 v\u00f4i tr\u1eadp tr\u00f9ng. V\u1edbi s\u1eafc xanh d\u1ecbu m\u00e1t v\u00e0 \u0111\u01b0\u1eddng n\u00e9t m\u1ec1m m\u1ea1i, tranh \u0111em \u0111\u1ebfn c\u1ea3m gi\u00e1c th\u01b0 th\u00e1i, thanh b\u00ecnh, r\u1ea5t th\u00edch h\u1ee3p \u0111\u1ec3 treo trong ph\u00f2ng kh\u00e1ch, ph\u00f2ng l\u00e0m vi\u1ec7c hay kh\u00f4ng gian thi\u1ec1n t\u1ecbnh. \u0110\u00e2y kh\u00f4ng ch\u1ec9 l\u00e0 m\u1ed9t b\u1ee9c tranh \u2013 m\u00e0 l\u00e0 c\u1ea3 m\u1ed9t mi\u1ec1n k\u00fd \u1ee9c v\u00e0 t\u00e2m h\u1ed3n Vi\u1ec7t.<\/p>\n","protected":false},"featured_media":2722,"template":"","meta":{"content-type":""},"product_brand":[],"product_cat":[81],"product_tag":[],"class_list":{"0":"post-2800","1":"product","2":"type-product","3":"status-publish","4":"has-post-thumbnail","6":"product_cat-vietnamlandscape","8":"first","9":"instock","10":"featured","11":"taxable","12":"shipping-taxable","13":"purchasable","14":"product-type-simple"},"jetpack_sharing_enabled":true,"_links":{"self":[{"href":"https:\/\/vietsmartart.vn\/index.php?rest_route=\/wp\/v2\/product\/2800","targetHints":{"allow":["GET"]}}],"collection":[{"href":"https:\/\/vietsmartart.vn\/index.php?rest_route=\/wp\/v2\/product"}],"about":[{"href":"https:\/\/vietsmartart.vn\/index.php?rest_route=\/wp\/v2\/types\/product"}],"wp:featuredmedia":[{"embeddable":true,"href":"https:\/\/vietsmartart.vn\/index.php?rest_route=\/wp\/v2\/media\/2722"}],"wp:attachment":[{"href":"https:\/\/vietsmartart.vn\/index.php?rest_route=%2Fwp%2Fv2%2Fmedia&parent=2800"}],"wp:term":[{"taxonomy":"product_brand","embeddable":true,"href":"https:\/\/vietsmartart.vn\/index.php?rest_route=%2Fwp%2Fv2%2Fproduct_brand&post=2800"},{"taxonomy":"product_cat","embeddable":true,"href":"https:\/\/vietsmartart.vn\/index.php?rest_route=%2Fwp%2Fv2%2Fproduct_cat&post=2800"},{"taxonomy":"product_tag","embeddable":true,"href":"https:\/\/vietsmartart.vn\/index.php?rest_route=%2Fwp%2Fv2%2Fproduct_tag&post=2800"}],"curies":[{"name":"wp","href":"https:\/\/api.w.org\/{rel}","templated":true}]}}